False
Is 445 a factor of 5072765?
False
Is 149681 a multiple of 18?
False
Is 233614 a multiple of 17?
True
Is 832344 a multiple of 237?
True
Is 46 a factor of 2401507?
False
Is 3223215 a multiple of 9?
True
Does 6 divide 4775?
False
Does 55 divide 1129356?
False
Is 5334786 a multiple of 17?
False
Is 34 a factor of 615502?
True
Does 9 divide 16299?
True
Is 104 a factor of 323024?
True
Is 801372 a multiple of 6?
True
Is 28 a factor of 15118488?
True
Does 25 divide 232675?
True
Is 34272 a multiple of 119?
True
Is 788701 a multiple of 369?
False
Does 390 divide 964470?
True
Does 73 divide 132714?
True
Does 16 divide 174128?
True
Is 127 a factor of 20493609?
True
Is 919 a factor of 4643707?
True
Is 117923 a multiple of 37?
False
Is 279 a factor of 698536?
False
Does 320 divide 2003119?
False
Is 550160 a multiple of 10?
True
Is 8 a factor of 22531?
False
Is 28 a factor of 62552?
True
Does 71 divide 87834?
False
Does 2 divide 8758?
True
Is 72 a factor of 237600?
True
Is 8979 a multiple of 2?
False
Does 24 divide 160224?
True
Does 114 divide 472986?
True
Is 113 a factor of 123622?
True
Is 674612 a multiple of 40?
False
Is 7762546 a multiple of 575?
False
Is 70091 a multiple of 244?
False
Is 135765 a multiple of 257?
False
Is 483 a factor of 244881?
True
Is 388 a factor of 21152523?
False
Does 1364 divide 17183672?
True
Is 847389 a multiple of 2?
False
Is 15 a factor of 7837132?
False
Does 830 divide 17685640?
True
Is 161381 a multiple of 89?
False
Is 4 a factor of 723377?
False
Is 3978649 a multiple of 97?
True
Is 204848 a multiple of 14?
True
Is 44 a factor of 3812739?
False
Is 155398 a multiple of 143?
False
Does 124 divide 8171336?
False
Does 608 divide 4471342?
False
Is 13 a factor of 142965?
False
Does 14 divide 19698?
True
Does 289 divide 12395210?
True
Is 109 a factor of 4110569?
False
Is 5629170 a multiple of 4?
False
Does 257 divide 123341?
False
Is 4 a factor of 291940?
True
Is 419451 a multiple of 15?
False
Does 43 divide 5210619?
False
Does 26 divide 106318?
False
Is 44136 a multiple of 613?
True
Is 233 a factor of 550113?
True
Is 15925770 a multiple of 255?
True
Is 20 a factor of 94920?
True
Is 2752618 a multiple of 94?
False
Does 37 divide 4781806?
True
Does 100 divide 790900?
True
Is 580211 a multiple of 15?
False
Is 217012 a multiple of 26?
False
Is 1683 a factor of 4709237?
False
Is 29993 a multiple of 2?
False
Is 19 a factor of 9315?
False
Is 254930 a multiple of 26?
True
Is 2246340 a multiple of 58?
True
Is 119146 a multiple of 29?
False
Is 2597564 a multiple of 1301?
False
Does 59 divide 1399775?
True
Is 275 a factor of 7481375?
True
Is 1461347 a multiple of 352?
False
Is 13240278 a multiple of 26?
False
Is 717252 a multiple of 404?
False
Is 3 a factor of 720933?
True
Is 23 a factor of 112978?
False
Is 62010 a multiple of 18?
True
Does 60 divide 438360?
True
Is 7359898 a multiple of 12?
False
Is 10204 a multiple of 30?
False
Is 112 a factor of 1538210?
False
Is 11 a factor of 26389?
True
Is 18034 a multiple of 6?
False
Does 30 divide 352010?
False
Does 33 divide 104214?
True
Is 1941360 a multiple of 95?
False
Is 10 a factor of 2483279?
False
Is 11 a factor of 3256994?
False
Is 3976 a multiple of 8?
True
Does 56 divide 3827712?
True
Does 525 divide 13392225?
True
Is 2 a factor of 981268?
True
Is 3009196 a multiple of 21?
False
Is 16 a factor of 521328?
True
Does 133 divide 13699?
True
Does 20 divide 264077?
False
Does 10 divide 169520?
True
Is 7 a factor of 89222?
True
Is 494868 a multiple of 253?
True
Is 570241 a multiple of 13?
False
Is 73 a factor of 17739?
True
Is 2789351 a multiple of 101?
False
Does 59 divide 85227?
False
Does 79 divide 81686?
True
Is 16858292 a multiple of 19?
False
Does 25 divide 2002053?
False
Does 863 divide 216613?
True
Does 320 divide 602774?
False
Is 8 a factor of 14432?
True
Is 17 a factor of 16813?
True
Does 16 divide 1485120?
True
Is 71 a factor of 16802221?
True
Is 1103235 a multiple of 453?
False
Is 5822075 a multiple of 138?
False
Is 8328360 a multiple of 20?
True
Is 12 a factor of 510495?
False
Is 5347 a multiple of 3?
False
Is 177 a factor of 1231638?
False
Is 146 a factor of 144165?
False
Is 267509 a multiple of 11?
True
Is 940940 a multiple of 364?
True
Does 63 divide 2167825?
False
Is 5 a factor of 12031792?
False
Does 112 divide 2689792?
True
Is 2808356 a multiple of 139?
True
Is 30 a factor of 274140?
True
Is 428778 a multiple of 21?
True
Does 12 divide 153456?
True
Is 159360 a multiple of 60?
True
Is 7 a factor of 358326?
False
Does 16 divide 7873178?
False
Is 332288 a multiple of 16?
True
Does 83 divide 1868777?
False
Is 19 a factor of 489499?
False
Is 15147 a multiple of 12?
False
Is 17336266 a multiple of 1538?
False
Does 511 divide 3308364?
False
Is 96181 a multiple of 512?
False
Is 163973 a multiple of 35?
False
Is 14 a factor of 4258212?
True
Is 27 a factor of 912735?
True
Is 86 a factor of 691526?
True
Is 211470 a multiple of 106?
True
Does 403 divide 119895?
False
Is 557 a factor of 89594?
False
Is 274500 a multiple of 25?
True
Is 44 a factor of 226919?
False
Is 303485 a multiple of 65?
True
Is 383360 a multiple of 64?
True
Is 3336244 a multiple of 425?
False
Is 244 a factor of 4086773?
False
Is 8022119 a multiple of 7?
True
Is 12 a factor of 2858940?
True
Is 10075296 a multiple of 112?
True
Is 464879 a multiple of 52?
False
Is 3102572 a multiple of 14?
False
Is 16 a factor of 2110176?
True
Does 162 divide 85374?
True
Is 11677227 a multiple of 14?
False
Does 11 divide 321178?
True
Does 45 divide 708069?
False
Is 517020 a multiple of 4?
True
Does 1435 divide 467554?
False
Does 25 divide 1099918?
False
Is 509946 a multiple of 446?
False
Does 436 divide 65031?
False
Is 162496 a multiple of 9?
False
Is 12 a factor of 2681604?
True
Is 682188 a multiple of 340?
False
Does 162 divide 108054?
True
Is 15795 a multiple of 15?
True
Is 229 a factor of 2079320?
True
Is 4491900 a multiple of 1302?
True
Is 1150652 a multiple of 829?
True
Is 62 a factor of 83886?
True
Is 38 a factor of 60762?
True
Is 8850998 a multiple of 38?
True
Is 25735 a multiple of 6?
False
Is 8 a factor of 1408933?
False
Is 999 a factor of 1763544?
False
Is 37 a factor of 86395?
True
Does 13 divide 17819903?
False
Does 369 divide 1198881?
True
Is 10 a factor of 428781?
False
Is 521808 a multiple of 168?
True
Is 536 a factor of 4479352?
True
Does 58 divide 21654330?
False
Is 52 a factor of 223551?
False
Is 41161 a multiple of 3?
False
Does 105 divide 229215?
True
Does 130 divide 153660?
True
Is 9568 a multiple of 32?
True
Is 442492 a multiple of 85?
False
Does 38 divide 1271888?
False
Does 94 divide 136770?
True
Is 340200 a multiple of 9?
True
Does 427 divide 92659?
True
Does 228 divide 5623849?
False
Does 196 divide 21526?
False
Does 12 divide 1320281?
False
Is 3 a factor of 9822236?
False
Does 9 divide 623293?
False
Is 14 a factor of 429839?
False
Does 37 divide 121915?
True
Is 49 a factor of 8176924?
True
Is 359011 a multiple of 313?
True
Is 330 a factor of 16971900?
True
Is 16 a factor of 23824?
True
Does 357 divide 832613?
False
Is 7139 a multiple of 7?
False
Is 250 a factor of 3161372?
False
Is 150188 a multiple of 12?
False
Is 375726 a multiple of 39?
True
Is 12 a factor of 2827428?
True
Is 18 a factor of 453070?
False
Does 4 divide 423595?
False
Is 10 a factor of 210118?
False
Is 220 a factor of 1828860?
True
Does 41 divide 272363?
True
Is 11542820 a multiple of 932?
True
Is 63 a factor of 995400?
True
Is 173824 a multiple of 7?
True
Does 148 divide 10426008?
True
Does 18 divide 27900?
True
Does 19 divide 488756?
True
Does 16 divide 54753?
False
Is 503 a factor of 411957?
True
Is 1495 a factor of 8819933?
False
Is 90369 a multiple of 20?
False
Is 251233 a multiple of 5?
False
Does 120 divide 603319?
False
Is 8 a factor of 348897?
False
Is 419 a factor of 11065953?
False
Is 202272 a multiple of 8?
True
Does 55 divide 3938671?
False
Is 671 a factor of 1213839?
True
Is 310 a factor of 62310?
True
Is 521733 a multiple of 725?
False
Is 145 a factor of 185455?
True
Is 93 a factor of 525953?
False
Is 8790188 a multiple of 149?
False
Does 3 divide 388484?
False
Is 2455343 a multiple of 3?
False
Is 5415014 a multiple of 1111?
True
Does 7 divide 79499?
True
Is 25875 a multiple of 5?
True
Is 5080287 a multiple of 145?
False